{"id":263,"date":"2025-02-09T19:32:53","date_gmt":"2025-02-09T22:32:53","guid":{"rendered":"https:\/\/www.r-uso.com\/?post_type=product&#038;p=263"},"modified":"2025-07-01T09:29:59","modified_gmt":"2025-07-01T12:29:59","slug":"film-stretch-10cm-x-500g","status":"publish","type":"product","link":"https:\/\/www.r-uso.com\/?product=film-stretch-10cm-x-500g","title":{"rendered":"Film Stretch 10cm x 500g"},"content":{"rendered":"<p>Su practicidad reemplaza a las cintas autoadhesivas al sujetar piezas, especialmente de menor porte, sin ensuciarlas o marcarlas.<\/p>\n<p>Se presentan en tubos de cart\u00f3n de 38 mm y se aplican con un dispenser manual. Para aplicaciones en perfiler\u00eda se recomienda una envlovedora autom\u00e1tica.<\/p>\n","protected":false},"excerpt":{"rendered":"<p>El film stretch manual de 10 cm ofrece una excelente adherencia y resistencia.<br \/>\nCon un espesor de 30 micrones y una capacidad de hasta 250% de estiramiento.<\/p>\n<p>Presentaci\u00f3n:<\/p>\n<p>&#8211; Rollo de 10cm de 500gm<\/p>\n<p>IMPORTANTE: <strong>se aplican con un dispenser manual<\/strong><\/p>\n","protected":false},"featured_media":264,"comment_status":"open","ping_status":"closed","template":"","meta":[],"product_brand":[],"product_cat":[20,35],"product_tag":[],"class_list":{"0":"post-263","1":"product","2":"type-product","3":"status-publish","4":"has-post-thumbnail","6":"product_cat-film-stretch","7":"product_cat-film-stretch-manual","9":"first","10":"instock","11":"taxable","12":"shipping-taxable","13":"product-type-simple"},"jetpack_sharing_enabled":true,"_links":{"self":[{"href":"https:\/\/www.r-uso.com\/index.php?rest_route=\/wp\/v2\/product\/263","targetHints":{"allow":["GET"]}}],"collection":[{"href":"https:\/\/www.r-uso.com\/index.php?rest_route=\/wp\/v2\/product"}],"about":[{"href":"https:\/\/www.r-uso.com\/index.php?rest_route=\/wp\/v2\/types\/product"}],"replies":[{"embeddable":true,"href":"https:\/\/www.r-uso.com\/index.php?rest_route=%2Fwp%2Fv2%2Fcomments&post=263"}],"wp:featuredmedia":[{"embeddable":true,"href":"https:\/\/www.r-uso.com\/index.php?rest_route=\/wp\/v2\/media\/264"}],"wp:attachment":[{"href":"https:\/\/www.r-uso.com\/index.php?rest_route=%2Fwp%2Fv2%2Fmedia&parent=263"}],"wp:term":[{"taxonomy":"product_brand","embeddable":true,"href":"https:\/\/www.r-uso.com\/index.php?rest_route=%2Fwp%2Fv2%2Fproduct_brand&post=263"},{"taxonomy":"product_cat","embeddable":true,"href":"https:\/\/www.r-uso.com\/index.php?rest_route=%2Fwp%2Fv2%2Fproduct_cat&post=263"},{"taxonomy":"product_tag","embeddable":true,"href":"https:\/\/www.r-uso.com\/index.php?rest_route=%2Fwp%2Fv2%2Fproduct_tag&post=263"}],"curies":[{"name":"wp","href":"https:\/\/api.w.org\/{rel}","templated":true}]}}