{"id":260,"date":"2025-02-09T19:12:49","date_gmt":"2025-02-09T22:12:49","guid":{"rendered":"https:\/\/www.r-uso.com\/?post_type=product&#038;p=260"},"modified":"2025-07-01T09:30:20","modified_gmt":"2025-07-01T12:30:20","slug":"film-stretch-50cm-coreless","status":"publish","type":"product","link":"https:\/\/www.r-uso.com\/?product=film-stretch-50cm-coreless","title":{"rendered":"Film Stretch 50cm Coreless"},"content":{"rendered":"<p>Este film permite un ahorro de un 10% con respecto al standard con buje.<\/p>\n<p>Esta pel\u00edcula de polietileno de baja densidad estirable, al igual que todos nuestros productos, tienen un gran poder de elasticidad, una excelente adherencia y resistencia a la punci\u00f3n, as\u00ed como una alta capacidad de retenci\u00f3n de carga que permite una \u00f3ptima fijaci\u00f3n a la estiba.<\/p>\n<p>Se puede utilizar con nuestros dispensers pl\u00e1sticos reutilizables<\/p>\n","protected":false},"excerpt":{"rendered":"<p>El Stretch Film Coreless, un producto que se caracteriza por ser amigable con el medio ambiente, ya que no tiene tubo de cart\u00f3n, generando as\u00ed menos residuos.<\/p>\n<p>Presentaci\u00f3n:<\/p>\n<p>-Rollo de 50cm Coreless<br \/>\n-Con un peso de 4,850kg Aproximadamente<\/p>\n","protected":false},"featured_media":261,"comment_status":"open","ping_status":"closed","template":"","meta":[],"product_brand":[],"product_cat":[20,35],"product_tag":[],"class_list":{"0":"post-260","1":"product","2":"type-product","3":"status-publish","4":"has-post-thumbnail","6":"product_cat-film-stretch","7":"product_cat-film-stretch-manual","9":"first","10":"instock","11":"taxable","12":"shipping-taxable","13":"product-type-simple"},"jetpack_sharing_enabled":true,"_links":{"self":[{"href":"https:\/\/www.r-uso.com\/index.php?rest_route=\/wp\/v2\/product\/260","targetHints":{"allow":["GET"]}}],"collection":[{"href":"https:\/\/www.r-uso.com\/index.php?rest_route=\/wp\/v2\/product"}],"about":[{"href":"https:\/\/www.r-uso.com\/index.php?rest_route=\/wp\/v2\/types\/product"}],"replies":[{"embeddable":true,"href":"https:\/\/www.r-uso.com\/index.php?rest_route=%2Fwp%2Fv2%2Fcomments&post=260"}],"wp:featuredmedia":[{"embeddable":true,"href":"https:\/\/www.r-uso.com\/index.php?rest_route=\/wp\/v2\/media\/261"}],"wp:attachment":[{"href":"https:\/\/www.r-uso.com\/index.php?rest_route=%2Fwp%2Fv2%2Fmedia&parent=260"}],"wp:term":[{"taxonomy":"product_brand","embeddable":true,"href":"https:\/\/www.r-uso.com\/index.php?rest_route=%2Fwp%2Fv2%2Fproduct_brand&post=260"},{"taxonomy":"product_cat","embeddable":true,"href":"https:\/\/www.r-uso.com\/index.php?rest_route=%2Fwp%2Fv2%2Fproduct_cat&post=260"},{"taxonomy":"product_tag","embeddable":true,"href":"https:\/\/www.r-uso.com\/index.php?rest_route=%2Fwp%2Fv2%2Fproduct_tag&post=260"}],"curies":[{"name":"wp","href":"https:\/\/api.w.org\/{rel}","templated":true}]}}